st common factor of y and 30.
10
Let z = -20 + 50. Let o be (-12)/42 - 2944/(-14). What is the highest common divisor of o and z?
30
Let u = 409 + -254. Calculate the highest common factor of u and 31.
31
Let m be 10/(-1 + -4) + 39/3. Calculate the greatest common factor of 1 and m.
1
Let h be (-100)/(-16) + (-2)/8. Let k be (h + -5)*(0 + 56). Calculate the highest common divisor of 14 and k.
14
Let t = -181 + 197. Calculate the greatest common factor of 24 and t.
8
Suppose -29 - 265 = -7*r. What is the greatest common factor of r and 21?
21
Suppose 47 = 3*a - 3*p - 1, 4*a + 4*p - 40 = 0. What is the highest common factor of a and 13?
13
Let j be ((-20)/6)/((-2)/(-9)). Let s be -4 - -2 - j/1. What is the greatest common factor of s and 143?
13
Let t = -120 - -171. Let n = -7 + t. What is the greatest common factor of n and 4?
4
Suppose -95 - 213 = -7*p. Calculate the greatest common factor of 4 and p.
4
Let i(t) = -t + 11. Let u = -12 - -20. Let b be i(u). Suppose -n = 0, 5*y - 5*n - 238 = b*y. Calculate the greatest common divisor of y and 17.
17
Let f = 31 - 1. What is the greatest common factor of f and 90?
30
Let k = 284 + -164. Calculate the greatest common divisor of 30 and k.
30
Let g(z) = 5*z**2 - 2*z - 4*z - 4*z**2. Let h be g(6). Suppose h*a = -2*a + 12. Calculate the greatest common divisor of 42 and a.
6
Suppose 5*y = m + 4*m - 35, -32 = 5*y - 2*m. Let v = -4 - y. Suppose -q = w - 1, -5*q + 6 = 3*w - 3. Calculate the greatest common factor of v and q.
1
Let g be 2/(-6)*(-8 + 2). Suppose 0 = 2*u - b - 26, 0 = g*b + 3*b. Suppose -3*p - 3 = 0, -3*f - 5*p - u = -7*f. What is the greatest common divisor of f and 18?
2
Let a be 3 - (1364/(-6) - (-8)/24). Calculate the greatest common factor of 23 and a.
23
Let v(h) = -12*h + 9. Suppose m = 3*z - 0*m + 19, -4*z = m + 37. Let g be v(z). What is the highest common factor of g and 15?
15
Suppose 6 = -0*y + 3*y. Let m = -4 + 6. Suppose -m*x + 42 = -x + y*d, 57 = x + 5*d. What is the greatest common factor of x and 8?
8
Suppose 84 - 208 = -m. Suppose a + m = -3*a. Let n = a + 53. What is the highest common divisor of 242 and n?
22
Let l be (-7 - 0)*(-12)/14. Suppose y = -0*y + 5. Suppose -4*h + 178 = -y*v, h + 5*v = -3*h + 158. What is the greatest common divisor of h and l?
6
Let k = -9 + 29. Let r = k + -12. Calculate the highest common divisor of 72 and r.
8
Let g be 12/(-8)*32/(-3). Calculate the greatest common divisor of 48 and g.
16
Let m be (-4)/(-4) - (0 - (2 - 2)). Calculate the greatest common factor of m and 1.
1
Suppose -5*a + 17 = -w, 7 = -5*w + 22. Calculate the greatest common divisor of 4 and a.
4
Let b be 17/4 + 9/(-36). Calculate the greatest common divisor of b and 44.
4
Suppose -j + 3*j - 96 = 0. Suppose -5*d + 4*t + 145 = 0, -d + j = t + 2*t. What is the highest common factor of d and 11?
11
Suppose 2 - 27 = -5*m. Suppose 0 = 5*t - 0*i + m*i - 50, -4*i + 19 = t. Let q be (-2)/4*84/(-2). Calculate the greatest common divisor of q and t.
7
Suppose 3*q - 2*r = 7*q - 884, 5*q + 4*r = 1105. Suppose 5*n - 154 = q. What is the greatest common divisor of n and 30?
15
Let a(g) = -g**2 + 10*g + 8. Let v be a(11). Let l be v + ((-134)/(-2) - 1). What is the greatest common factor of l and 42?
21
Suppose 9*d = 1360 + 17. Let g(w) = 8*w + 1. Let n be g(2). What is the greatest common divisor of d and n?
17
Let g = 4 + -6. Let n be 2/4*(g - -122). Calculate the greatest common divisor of n and 15.
15
Let d(o) = 7*o + 2. Let s be d(4). Calculate the greatest common divisor of s and 20.
10
Let k be (2/4)/(2/12). Suppose -2*p - 30 = -7*p. Calculate the greatest common divisor of p and k.
3
Let k = -8 + 11. Suppose -k*b - 16 = -l, 0 = -4*l + b + 4*b + 36. Calculate the highest common factor of 12 and l.
4
Let y(z) be the second derivative of -z**3/6 - 5*z**2 + z. Let s be y(-8). Let c be s/9 + 38/9. Calculate the greatest common factor of c and 2.
2
Let k(i) = -4*i - 3*i + 6 + 3*i + 5*i. Let s be k(-6). Suppose s*p + 3*p = 15. Calculate the highest common divisor of p and 15.
5
Let w = -5 - -5. Suppose 102 = g + 3*l, -g - 5*l + 157 - 53 = w. Calculate the greatest common factor of 9 and g.
9
Suppose -4 = -4*y + 3*y. Let q be (-3)/(-12) + (-21)/(-12). Calculate the highest common divisor of y and q.
2
Let k(m) = 3*m**2 - m. Let f be k(3). Suppose 2*l = -l + f. Let y be 62/1 - -1*2. Calculate the highest common factor of l and y.
8
Suppose 0 = 3*h - 50 - 1. Calculate the highest common divisor of 34 and h.
17
Suppose 4*x = -56 + 60. Calculate the greatest common factor of x and 13.
1
Let k = 20 - -10. What is the greatest common factor of k and 6?
6
Let j be 2/3 + (-2)/(-6). Let z be 680/(-5) + (1 - j). Let s = -38 - z. Calculate the highest common divisor of s and 14.
14
Let s = 46 - 17. Let r = s + -17. Calculate the highest common factor of r and 84.
12
Let v be 5 + 51 + -4 - -5. Suppose -5*n - 39 = 2*m - 135, -2*n = -8. Calculate the highest common factor of m and v.
19
Let g = -1 - -1. Let l be -3*(6/(-9) + g). Suppose 0 = 5*v + l*s - 96, -s - 64 = -3*v + s. What is the highest common divisor of 5 and v?
5
Let k = -17 - -39. Let j be (-13 + 2)/((-5)/15). What is the highest common factor of k and j?
11
Let d = 1 + 10. Calculate the greatest common divisor of d and 99.
11
Let z be ((-45)/(-12))/(3/8). Suppose 5*q = z*q - 195. Suppose -q = -5*d + 51. Calculate the greatest common divisor of d and 2.
2
Let k = -3 + 5. Suppose 4*q - 25 = -q. What is the highest common factor of k and q?
1
Let p = 7 - 4. Suppose -j + 0*j - 35 = -p*q, 0 = 5*q - 5*j - 45. Let c = 61 + -22. Calculate the highest common divisor of q and c.
13
Let s = -1 + 3. Let r(c) be the first derivative of 3*c**4/2 - 2*c**3/3 + c**2 + 1. Let n be r(s). What is the greatest common divisor of 4 and n?
4
Let h(u) = -63*u. Let j be h(-2). What is the greatest common divisor of 28 and j?
14
Suppose -4*i + 25 = 9. Calculate the highest common factor of 32 and i.
4
Suppose -23 = u - 148. Calculate the greatest common factor of u and 50.
25
Let w = -19 - -7. Let a be (69/w)/(1/(-4)). Calculate the greatest common factor of a and 184.
23
Suppose 3*v = -6, -3*g = 2*v - 3*v - 32. Let n(t) = 2*t**2 - 10*t - 5. Let q be n(g). What is the greatest common factor of 38 and q?
19
Let k(t) = 3*t**2 - 4*t. Let d be k(2). Let a be ((-8)/(-6))/((-1)/(-12)). Calculate the greatest common factor of d and a.
4
Let r = 4 + -2. Suppose -20 + r = -g. Let a be (2/4)/((-1)/(-12)). Calculate the highest common factor of a and g.
6
Let z(h) = h**3 + h + 2. Let j be z(2). Let f(x) = x**3 - 5*x**2 - 4*x - 4. Let c be f(6). Calculate the greatest common divisor of c and j.
4
Suppose 3*g = -3*f + 1293, -3*f - 2*g + 1309 = -3*g. Let x be (-2)/(-4) - f/(-10). What is the greatest common divisor of 11 and x?
11
Let x be (24/(-30))/((-2)/5). Suppose -8*d + x*s = -4*d - 312, -3*d + 2*s + 235 = 0. What is the greatest common factor of 7 and d?
7
Let b(z) = z + 34. Let c be b(0). Suppose 0 = -4*r + 262 - c. Calculate the highest common divisor of 19 and r.
19
Let a be 2/(-4) - 42/(-12). Suppose a*p - 3 = 6. Suppose 3*y = 7*y - 84. Calculate the greatest common factor of p and y.
3
Suppose 3*o - 4*o + 28 = 0. Let f(y) be the third derivative of 5*y**4/24 + y**3/3 + 3*y**2. Let b be f(8). What is the greatest common factor of o and b?
14
Suppose 35 - 86 = 3*j. Let l = -21 - -10. Let t = l - j. Calculate the highest common divisor of t and 18.
6
Let v(a) = a**2 - 4*a - 5. Let c be v(-3). Calculate the greatest common divisor of 2 and c.
2
Let x(i) = i**3 - 13*i + 0*i**2 + 11*i**2 + 5 + 23*i. Let u be x(-9). Calculate the highest common factor of 11 and u.
11
Suppose 3*i - 5*f + 8*f - 258 = 0, 0 = 2*i + 3*f - 170. Let d be (1*2)/(2/11). What is the greatest common factor of i and d?
11
Suppose 4*n + 0 = 16. Suppose -3*m + 16 = -n*m + 4*y, 3*m - 3*y = -21. Let b(q) = -4*q - 1. Let t be b(m). What is the highest common factor of 3 and t?
3
Let r = -36 + 45. Calculate the greatest common factor of r and 1.
1
Let x = 31 + -26. What is the greatest common factor of 5 and x?
5
Let h be 3/(-6)*(-30 + -4). What is the highest common factor of h and 85?
17
Let t = -23 - -53. Suppose 68 - 58 = 2*y. What is the highest common divisor of t and y?
5
Suppose 0 = -4*g - 5*g + 182